What is the remainder when 1391 is divided by 34?
31
Calculate the remainder when 522 is divided by 66.
60
What is the remainder when 63 is divided by 19?
6
What is the remainder when 141 is divided by 45?
6
Calculate the remainder when 103 is divided by 15.
13
Calculate the remainder when 340 is divided by 65.
15
What is the remainder when 14 is divided by 10?
4
What is the remainder when 659 is divided by 32?
19
What is the remainder when 1125 is divided by 33?
3
What is the remainder when 282 is divided by 62?
34
What is the remainder when 608 is divided by 68?
64
Calculate the remainder when 2182 is divided by 73.
65
What is the remainder when 558 is divided by 271?
16
What is the remainder when 813 is divided by 19?
15
What is the remainder when 1648 is divided by 13?
10
Calculate the remainder when 76 is divided by 22.
10
What is the remainder when 281 is divided by 16?
9
Calculate the remainder when 166 is divided by 31.
11
Calculate the remainder when 509 is divided by 15.
14
Calculate the remainder when 200 is divided by 15.
5
What is the remainder when 4093 is divided by 16?
13
Calculate the remainder when 1756 is divided by 14.
6
What is the remainder when 88 is divided by 13?
10
Calculate the remainder when 1012 is divided by 105.
67
Calculate the remainder when 1068 is divided by 109.
87
What is the remainder when 197 is divided by 6?
5
What is the remainder when 195 is divided by 28?
27
Calculate the remainder when 222 is divided by 5.
2
What is the remainder when 6732 is divided by 14?
12
Calculate the remainder when 4139 is divided by 376.
3
What is the remainder when 96 is divided by 31?
3
Calculate the remainder when 247 is divided by 109.
29
What is the remainder when 481 is divided by 82?
71
Calculate the remainder when 285 is divided by 149.
136
What is the remainder when 328 is divided by 79?
12
What is the remainder when 253 is divided by 86?
81
Calculate the remainder when 633 is divided by 4.
1
What is the remainder when 241 is divided by 7?
3
Calculate the remainder when 45 is divided by 2.
1
What is the remainder when 1743 is divided by 839?
65
What is the remainder when 1974 is divided by 115?
19
Calculate the remainder when 514 is divided by 29.
21
What is the remainder when 126 is divided by 26?
22
Calculate the remainder when 154 is divided by 154.
0
Calculate the remainder when 687 is divided by 32.
15
What is the remainder when 966 is divided by 22?
20
Calculate the remainder when 145 is divided by 54.
37
What is the remainder when 777 is divided by 60?
57
What is the remainder when 294 is divided by 60?
54
What is the remainder when 5889 is divided by 65?
39
What is the remainder when 191 is divided by 31?
5
What is the remainder when 333 is divided by 104?
21
Calculate the remainder when 12 is divided by 4.
0
What is the remainder when 98 is divided by 33?
32
Calculate the remainder when 59 is divided by 10.
9
Calculate the remainder when 80 is divided by 30.
20
What is the remainder when 471 is divided by 9?
3
What is the remainder when 593 is divided by 22?
21
What is the remainder when 23 is divided by 8?
7
Calculate the remainder when 33 is divided by 15.
3
Calculate the remainder when 798 is divided by 8.
6
What is the remainder when 197 is divided by 25?
22
What is the remainder when 122 is divided by 32?
26
Calculate the remainder when 5606 is divided by 61.
55
Calculate the remainder when 2342 is divided by 47.
39
Calculate the remainder when 180 is divided by 39.
24
Calculate the remainder when 257 is divided by 58.
25
What is the remainder when 1913 is divided by 23?
4
Calculate the remainder when 88 is divided by 62.
26
What is the remainder when 439 is divided by 149?
141
Calculate the remainder when 768 is divided by 191.
4
Calculate the remainder when 188 is divided by 38.
36
What is the remainder when 473 is divided by 95?
93
What is the remainder when 159 is divided by 55?
49
What is the remainder when 223 is divided by 32?
31
Calculate the remainder when 467 is divided by 67.
65
What is the remainder when 1505 is divided by 6?
5
What is the remainder when 1732 is divided by 5?
2
Calculate the remainder when 153 is divided by 61.
31
Calculate the remainder when 1419 is divided by 293.
247
What is the remainder when 474 is divided by 45?
24
Calculate the remainder when 462 is divided by 57.
6
What is the remainder when 348 is divided by 46?
26
Calculate the remainder when 959 is divided by 74.
71
Calculate the remainder when 3776 is divided by 63.
59
What is the remainder when 908 is divided by 42?
26
What is the remainder when 1493 is divided by 161?
44
What is the remainder when 11773 is divided by 10?
3
Calculate the remainder when 255 is divided by 38.
27
Calculate the remainder when 13 is divided by 3.
1
Calculate the remainder when 1494 is divided by 82.
18
Calculate the remainder when 329 is divided by 22.
21
Calculate the remainder when 1848 is divided by 3.
0
What is the remainder when 3571 is divided by 255?
1
Calculate the remainder when 786 is divided by 97.
10
What is the remainder when 174 is divided by 57?
3
Calculate the remainder when 47 is divided by 20.
7
What is the remainder when 363 is divided by 26?
25
Calculate the remainder when 79 is divided by 35.
9
Calculate the remainder when 24 is divided by 13.
11
Calculate the remainder when 444 is divided by 28.
24
What is the remainder when 783 is divided by 131?
128
Calculate the remainder when 2472 is divided by 104.
80
Calculate the remainder when 717 is divided by 65.
2
What is the remainder when 3283 is divided by 13?
7
What is the remainder when 3048 is divided by 113?
110
What is the remainder when 2792 is divided by 13?
10
What is the remainder when 730 is divided by 21?
16
What is the remainder when 250 is divided by 127?
123
What is the remainder when 518 is divided by 52?
50
Calculate the remainder when 500 is divided by 21.
17
What is the remainder when 14 is divided by 8?
6
What is the remainder when 68 is divided by 14?
12
What is the remainder when 136 is divided by 29?
20
What is the remainder when 9 is divided by 5?
4
Calculate the remainder when 346 is divided by 323.
23
What is the remainder when 107 is divided by 60?
47
Calculate the remainder when 1775 is divided by 879.
17
What is the remainder when 57 is divided by 26?
5
What is the remainder when 1297 is divided by 52?
49
Calculate the remainder when 587 is divided by 6.
5
Calculate the remainder when 2334 is divided by 97.
6
What is the remainder when 400 is divided by 13?
10
What is the remainder when 155 is divided by 23?
17
What is the remainder when 169 is divided by 22?
15
What is the remainder when 8814 is divided by 180?
174
Calculate the remainder when 4357 is divided by 40.
37
Calculate the remainder when 79 is divided by 68.
11
Calculate the remainder when 1033 is divided by 203.
18
Calculate the remainder when 1703 is divided by 189.
2
Calculate the remainder when 7275 is divided by 47.
37
Calculate the remainder when 275 is divided by 140.
135
What is the remainder when 1082 is divided by 20?
2
Calculate the remainder when 405 is divided by 103.
96
Calculate the remainder when 220 is divided by 40.
20
What is the remainder when 849 is divided by 170?
169
Calculate the remainder when 152 is divided by 52.
48
Calculate the remainder when 3062 is divided by 52.
46
Calculate the remainder when 1330 is divided by 157.
74
Calculate the remainder when 2245 is divided by 9.
4
Calculate the remainder when 502 is divided by 17.
9
What is the remainder when 221 is divided by 14?
11
Calculate the remainder when 5238 is divided by 20.
18
Calculate the remainder when 11 is divided by 2.
1
Calculate the remainder when 128 is divided by 38.
14
What is the remainder when 5402 is divided by 14?
12
Calculate the remainder when 440 is divided by 111.
107
Calculate the remainder when 1359 is divided by 170.
169
What is the remainder when 174 is divided by 17?
4
Calculate the remainder when 30 is divided by 6.
0
Calculate the remainder when 2832 is divided by 3.
0
Calculate the remainder when 467 is divided by 26.
25
Calculate the remainder when 93 is divided by 89.
4
Calculate the remainder when 260 is divided by 94.
72
Calculate the remainder when 197 is d